{"id":26,"date":"2017-01-10T09:19:28","date_gmt":"2017-01-10T09:19:28","guid":{"rendered":"http:\/\/fooddy.ancorathemes.com\/?page_id=26"},"modified":"2021-02-13T20:58:56","modified_gmt":"2021-02-13T19:58:56","slug":"uber-uns","status":"publish","type":"page","link":"https:\/\/pizza-dobra.com\/stylowadobra\/uber-uns\/","title":{"rendered":"\u00dcber uns"},"content":{"rendered":"<p>[vc_row full_width=&#8220;stretch_row&#8220; css=&#8220;.vc_custom_1613244863243{background-image: url(https:\/\/pizza-dobra.com\/stylowadobra\/wp-content\/uploads\/2021\/02\/uber_uns-scaled.jpg?id=2362) !important;background-position: center !important;background-repeat: no-repeat !important;background-size: cover !important;}&#8220;][vc_column][vc_empty_space alter_height=&#8220;large&#8220; hide_on_mobile=&#8220;&#8220; css=&#8220;.vc_custom_1611872802840{margin-bottom: 0.4rem !important;}&#8220;]<div id=\"sc_title_261456064\"\r\n\t\tclass=\"sc_title sc_title_default  vc_custom_1611941088044\"><h3 class=\"sc_item_title sc_title_title sc_align_center sc_item_title_style_default\">Herzlich Willkomen<br \/>\nim <i>Restaurant Stylowa<\/i>!<\/h3><\/div><!-- \/.sc_title -->[vc_empty_space alter_height=&#8220;small&#8220; hide_on_mobile=&#8220;&#8220; css=&#8220;.vc_custom_1611872579843{background-color: #ffffff !important;}&#8220;][vc_column_text css=&#8220;.vc_custom_1613244488236{padding-right: 6rem !important;padding-bottom: 45px !important;padding-left: 6rem !important;background-color: #ffffff !important;}&#8220;]Wir sind ein Familienbetrieb mit unserem liebevoll eingerichteten Restaurant f\u00fcr unsere G\u00e4ste. \u00a0Seit mehr als 8 Jahren servieren wir f\u00fcr Sie Gerichte, die sowohl von der italianischen als auch polnischen K\u00fcche inspiriert sind.\u00a0 Wir verbinden aromatische Kr\u00e4uter, Pasta und Pizza mit der traditionellen altpolnischen K\u00fcche. <strong>F\u00fcr die beste Pizza sind wir in der ganzen Umgebung bekannt!<\/strong><\/p>\n<p>Wir legen gro\u00dfen Wert auf <strong>frische und qualitative<\/strong> Produkte und servieren Ihnen nur frisch zubereitete Gerichte aus unserer K\u00fcche. Wir haben die Wahl zwischen <strong>30 verschiedene Pizzen<\/strong> in zwei Gr\u00f6\u00dfen! Den richtigen <strong>Wein<\/strong> f\u00fcr Ihr Essen k\u00f6nnen Sie aus verschiedenen Sorten w\u00e4hlen. Wir bieten auch polnische <strong>Biere und Vodka. <\/strong>Wir sorgen daf\u00fcr, dass die G\u00e4ste sich wichtig und gesch\u00e4tzt f\u00fchlen, dass sie satt und zufrieden sind. Eine gute Bewirtung hinterl\u00e4sst gute Erinnerungen.<\/p>\n<p>Im Sommer genie\u00dfen die G\u00e4ste unsere Speisen auf unserer <strong>gem\u00fctlichen Terasse.<\/strong> Wir bieten Platz f\u00fcr bis zu 50 Personen. Gelegen in einer ruhigen Seitenstra\u00dfe l\u00e4dt sie bei sch\u00f6nem Wetter ein, sich zu Entspannen und sich bei einem k\u00fchlen Getr\u00e4nk <strong>mit Freunden zu treffen.<\/strong><\/p>\n<p>Au\u00dferdem gibt es neben unserem Restaurant auch <strong>Minigolfplatz-<\/strong> ein gro\u00dfer Spa\u00df f\u00fcr die ganze Familie! Auf der 12-Bahnen-Minigolfanlage k\u00f6nnen Sie <strong>tolle Zeit im Freien verbringen.<\/strong><\/p>\n<p>Wir bieten <strong>Catering <\/strong>f\u00fcr Bankette, Geburtstagfeiern und andere Veranstaltungen. Es liegt auf der Hand, dass eine gelungene Bewirtung von G\u00e4sten untrennbar mit k\u00f6stlichem Essen verbunden ist \u2013 wenn Sie m\u00f6chten, k\u00f6nnen wir es f\u00fcr Sie zubereiten.<\/p>\n<p>Sie k\u00f6nnen auch einen Tisch im Restaurant reservieren. Dies ist besonders am Wochenende f\u00fcr gro\u00dfe Gruppen ratsam.<\/p>\n<p>Mit uns k\u00f6nnen Sie entweder online <strong>mit Lieferung bestellen<\/strong>, oder Sie k\u00f6nnen am Ort das Essen <strong>zum Mitnehmen <\/strong>bestellen. Aber am besten ist es in unserem Restaurant tolle Zeit zu verbringen.<\/p>\n<p><strong>Wir freuen uns auf Ihren Besuch.<\/strong>[\/vc_column_text][vc_empty_space alter_height=&#8220;large&#8220; hide_on_mobile=&#8220;&#8220;][\/vc_column][\/vc_row]<\/p>\n","protected":false},"excerpt":{"rendered":"<p>[vc_row full_width=&#8220;stretch_row&#8220; css=&#8220;.vc_custom_1613244863243{background-image: url(https:\/\/pizza-dobra.com\/stylowadobra\/wp-content\/uploads\/2021\/02\/uber_uns-scaled.jpg?id=2362) !important;background-position: center !important;background-repeat: no-repeat !important;background-size: cover !important;}&#8220;][vc_column][vc_empty_space alter_height=&#8220;large&#8220; hide_on_mobile=&#8220;&#8220; css=&#8220;.vc_custom_1611872802840{margin-bottom: 0.4rem !important;}&#8220;][vc_empty_space alter_height=&#8220;small&#8220; hide_on_mobile=&#8220;&#8220; css=&#8220;.vc_custom_1611872579843{background-color: #ffffff !important;}&#8220;][vc_column_text css=&#8220;.vc_custom_1613244488236{padding-right: 6rem !important;padding-bottom: 45px !important;padding-left: 6rem !important;background-color: #ffffff !important;}&#8220;]Wir sind ein Familienbetrieb mit unserem liebevoll eingerichteten Restaurant f\u00fcr unsere G\u00e4ste. \u00a0Seit mehr als 8 Jahren servieren wir f\u00fcr Sie Gerichte, die sowohl von der italianischen als auch polnischen K\u00fcche&hellip;<\/p>\n","protected":false},"author":1,"featured_media":0,"parent":0,"menu_order":0,"comment_status":"closed","ping_status":"closed","template":"","meta":[],"_links":{"self":[{"href":"https:\/\/pizza-dobra.com\/stylowadobra\/wp-json\/wp\/v2\/pages\/26"}],"collection":[{"href":"https:\/\/pizza-dobra.com\/stylowadobra\/wp-json\/wp\/v2\/pages"}],"about":[{"href":"https:\/\/pizza-dobra.com\/stylowadobra\/wp-json\/wp\/v2\/types\/page"}],"author":[{"embeddable":true,"href":"https:\/\/pizza-dobra.com\/stylowadobra\/wp-json\/wp\/v2\/users\/1"}],"replies":[{"embeddable":true,"href":"https:\/\/pizza-dobra.com\/stylowadobra\/wp-json\/wp\/v2\/comments?post=26"}],"version-history":[{"count":49,"href":"https:\/\/pizza-dobra.com\/stylowadobra\/wp-json\/wp\/v2\/pages\/26\/revisions"}],"predecessor-version":[{"id":2363,"href":"https:\/\/pizza-dobra.com\/stylowadobra\/wp-json\/wp\/v2\/pages\/26\/revisions\/2363"}],"wp:attachment":[{"href":"https:\/\/pizza-dobra.com\/stylowadobra\/wp-json\/wp\/v2\/media?parent=26"}],"curies":[{"name":"wp","href":"https:\/\/api.w.org\/{rel}","templated":true}]}}